pose 51*v = 73*v - 24596. Calculate the highest common divisor of v and 86.
86
Let o(k) = -5 + 1 - 2*k + 1 - 5. Let a be o(-7). Suppose 640 = a*w - w. What is the highest common divisor of 16 and w?
16
Suppose -51*s + 86 = -53*s. Suppose 5*w - 3*c - 311 = 0, 241 = 4*w + c - 6*c. Let m = s + w. What is the greatest common divisor of m and 14?
7
Let o = 85 - -318. What is the highest common divisor of 13 and o?
13
Let z be (-12)/((-14)/6 + 2). Suppose -3*r + 304 = 52. What is the highest common divisor of r and z?
12
Suppose -5*f - 2628 = -4*b, b - 339 = -f + 318. Let g = b + -332. Suppose 21*d - 16*d = g. Calculate the highest common factor of d and 13.
13
Suppose 3*j - 4*i = 3, -3*j + 0*i - 5*i = -30. Suppose 3*u = q + 14, -3*u - 3*q = -4*u + 10. Suppose u = y - 1. What is the greatest common divisor of y and j?
5
Suppose 4*p = -5*y + 1376, 4*y - 3*p - 526 = 550. Calculate the highest common divisor of y and 17.
17
Suppose -2*w + 3*h = -10, 1 = 3*w + 2*h - 1. Calculate the greatest common divisor of 10 and w.
2
Suppose -8*h - z = -3*h - 127, 0 = 3*h - z - 81. Let j = -17 + h. Calculate the greatest common divisor of j and 72.
9
Suppose -76*o + 81*o - 130 = 0. Calculate the highest common divisor of 104 and o.
26
Let q(x) = -x**3 + x**2 + 11*x + 14. Let m be q(-2). Let w be (1/(-1))/((-10)/40). Suppose k = w*k - 30. Calculate the greatest common divisor of m and k.
2
Let w(g) = -51*g - 6. Let y be w(-2). Suppose 3*c = y - 18. Calculate the highest common divisor of c and 104.
26
Let h = -63 + 72. Suppose 0 = -4*d - 16, -12*r + h*r - 5*d = -58. Calculate the highest common divisor of 208 and r.
26
Let j = 42 + -21. Suppose z = -8 - 25. Let s = z + 54. Calculate the highest common divisor of j and s.
21
Let z = -13 - -15. Suppose 4*i - 111 = q, q = -z*q + 15. Let o = -18 + i. What is the greatest common divisor of 22 and o?
11
Suppose -7*m - 42 = 294. Let y = m + 60. What is the highest common factor of y and 42?
6
Let a be 8/10 + 24/(-30). Suppose a = -s, -p + 0*s + 2*s + 9 = 0. What is the highest common factor of 117 and p?
9
Let m(h) = -4*h - 1. Let y = 22 - 24. Let f be m(y). What is the greatest common factor of 28 and f?
7
Suppose 0 = 2*a - 18 - 12. Let t be -2 + (-5)/((-5)/2). Suppose t = 2*k + 7 - 37. What is the greatest common divisor of a and k?
15
Let x(n) = 15*n - 5. Let a be x(7). Suppose -4*h - 4*b + a = 0, -4*h - 5*b + 113 = 12. What is the highest common divisor of 16 and h?
8
Let t be (-22)/(6/66*-1). Calculate the greatest common divisor of t and 22.
22
Let m(a) = -19*a + 32. Let d be (-4)/24 + (-94)/12. Let v be m(d). Calculate the greatest common factor of v and 23.
23
Let g be (-32)/(-6)*(-12)/(-8). Let l(z) be the first derivative of z**2/2 + 11*z + 19. Let q be l(g). What is the highest common divisor of q and 95?
19
Let u(g) = g**2 + 6*g + 20. Let z be u(-6). What is the greatest common factor of z and 15?
5
Let b = -929 + 935. What is the greatest common divisor of b and 6?
6
Suppose -44*r - 6 = -42*r. Let k(h) = -2*h**3 - 4*h**2 - 5*h + 5. Let m be k(r). Calculate the highest common divisor of 95 and m.
19
Let p be 2/(-6) - 155/(-15). Let w be -2 - (p/(-15))/((-2)/(-51)). Calculate the greatest common factor of w and 75.
15
Let b(j) = 5*j**3 + 3*j**2 - 3*j + 3. Let h be ((-10)/(-3))/((-1)/(-3)). Suppose -5*r + 0*r = -h. Let o be b(r). What is the greatest common factor of 7 and o?
7
Let a be (11 - -29)/(2*1). Let l be (-9560)/(-25) - (-12)/a. Let c = -264 + l. Calculate the greatest common factor of c and 17.
17
Let g(m) = -29*m - 20. Let w(a) = 86*a + 59. Let i(k) = -17*g(k) - 6*w(k). Let v be i(-14). Calculate the greatest common divisor of 22 and v.
22
Let z(v) = 168*v - 1. Let h be z(-1). Let j = -121 - h. Suppose -56 = -d - 40. Calculate the greatest common divisor of j and d.
16
Let g(m) = 2*m**3 - 13*m**2 + 12*m - 9. Let k be g(8). Let d(n) = 10*n**2 - 9. Let i be d(2). What is the greatest common factor of i and k?
31
Let u(f) = f**2 + 13*f + 18. Let b be u(-14). Let h = b + -2. What is the greatest common factor of 12 and h?
6
Let t(d) = 3*d**2 - 11*d + 15. Let u be t(2). Let z(c) = 3*c - 6. Let r be z(7). What is the highest common factor of r and u?
5
Suppose 0 = -2*o + o + 5, 5*o = -2*z + 33. Suppose k = z, -x + k + 0 = 1. Calculate the highest common divisor of x and 3.
3
Let h(i) = -i + 58. Let c be h(11). Calculate the greatest common divisor of 235 and c.
47
Let f(g) = 4*g - 7. Let v be f(4). Suppose v*k - 5*w = 8*k + 11, 5*w - 205 = -5*k. Calculate the highest common factor of 18 and k.
18
Let m(p) = p + 13. Let f be m(-11). Suppose -3*j - f*y - 4 = 0, j + 5*y + 5 = -18. Suppose -46 = -j*d + 32. What is the highest common divisor of d and 13?
13
Suppose 3*n + 28 = 208. Let k = n + -38. What is the greatest common factor of k and 88?
22
Let a(t) = 2*t + 20. Let i be a(-16). Let w be 399/2 - i/24. Let c = -90 + w. Calculate the greatest common divisor of c and 44.
22
Let i(v) = -2*v**3 + 27*v**2 + 17*v + 78. Let o be i(14). What is the greatest common divisor of o and 320?
40
Let o be 2 - ((-2)/1 - -11). Let s be (-164)/(-14) - 2/o. Let f(p) = 9*p**2 + p + 6. Let m be f(-3). Calculate the greatest common factor of m and s.
12
Suppose -8*d = -2*d - 24. Let o(v) = v**2 + 4*v - 1. Let b be o(d). Suppose -8 = -32*j + b*j. What is the highest common factor of 4 and j?
4
Suppose -175 = -2*x - 3*x - 5*y, -2*x + 60 = -3*y. What is the greatest common divisor of x and 24?
3
Suppose -73*y + 5137 = 1633. Calculate the greatest common divisor of y and 80.
16
Suppose -4*h + 2 = 3*c, -h = 2*c + 2*h - 1. Suppose 0 = -5*u + 20, -c*u - 136 = -4*b - 0*u. What is the highest common divisor of 6 and b?
6
Let i(d) = 3*d - 1. Let y be i(2). Suppose 80 = -0*q + y*q. Let s be 4/q*80/4. What is the greatest common divisor of 5 and s?
5
Suppose -3*p + 7 + 8 = 0. Suppose -5*r + 70 = 2*n, -n + 3*r = r - 44. Calculate the greatest common factor of n and p.
5
Let c(i) = -6*i. Let j be c(-6). Suppose r = -2*x + 86, 2*r - 5*x - 98 = 92. Calculate the greatest common divisor of r and j.
18
Let p be (1 - (-130)/(-90)) + 2469/27. What is the greatest common factor of p and 49?
7
Suppose 2*x - 364 = -3*l - 0*x, -3*x = -l + 114. Let h = l - 85. What is the greatest common factor of h and 70?
35
Let h = 468 - 258. What is the greatest common divisor of h and 126?
42
Let b(c) = 7*c**2 - c + 1. Suppose 2*f = -0*f + 12. Suppose -n - 2 = 3*d - 2*d, 3*n - d = f. Let k be b(n). Calculate the greatest common factor of k and 49.
7
Let w(b) be the first derivative of 3*b**2/2 + 14*b - 8. Let x be w(6). What is the highest common factor of 48 and x?
16
Let y = 7 + 5. Suppose 4*p - 5*w = 107 + 256, -4*p = 4*w - 372. Suppose f + 2*j = -f + p, 0 = 5*j + 10. Calculate the highest common divisor of y and f.
12
Let l = 131 - 95. What is the greatest common factor of l and 27?
9
Let v = 2 - -53. Let a(z) = 23*z**2 - 1. Let o be a(-1). Calculate the greatest common factor of o and v.
11
Let o(s) = -s**2 - 12*s - 1. Let q be o(-9). Suppose b - 100 = -4*i, 4*i - 28*b = -23*b + 124. Calculate the greatest common factor of q and i.
26
Let q(v) = v**3 + 2*v**2 - 7*v + 8. Let p be q(-4). What is the highest common factor of 10 and p?
2
Let i be (-442)/10 - -3*(-1)/(-15). Let k be 66/i + (-25)/(-2). Calculate the greatest common divisor of k and 143.
11
Let a be 27 - (-16)/4*1. Let k = a + -4. Calculate the greatest common divisor of k and 9.
9
Suppose -684 = -7*f - 50*f. Let s = 19 - -5. Calculate the greatest common factor of f and s.
12
Suppose 0*a - 6 = 3*a + 4*n, 0 = -3*n. Let u be ((-641)/a)/((-2)/(-4)). Let d = u - 335. What is the greatest common divisor of d and 34?
34
Suppose -8*m - 20 = -92. Suppose 3*o = c + 112, -4*o - c = o - 176. What is the highest common factor of m and o?
9
Let a = -65 + 104. Let p(y) = -y**3 - 8*y**2 - 3*y + 2. Let w be p(-8). What is the greatest common factor of w and a?
13
Let y(f) = -7*f - 187. Let k be y(-29). Suppose 20 = 5*v, t = -v - 15 + 51. Calculate the highest common divisor of k and t.
16
Suppose -t = 531 - 561. Calculate the greatest common divisor of t and 270.
30
Let r = 90 + -54. Calculate the greatest common factor of r and 612.
36
Suppose -5*x - 94 = s - 453, -290 = -4*x + 2*s. What is the highest common di